{"id":5,"date":"2011-04-05T06:08:12","date_gmt":"2011-04-05T04:08:12","guid":{"rendered":"http:\/\/www.chornelimuenster.de\/wordpress\/?page_id=5"},"modified":"2023-03-22T15:21:21","modified_gmt":"2023-03-22T14:21:21","slug":"das-sind-wir","status":"publish","type":"page","link":"https:\/\/www.chornelimuenster.de\/?page_id=5","title":{"rendered":"\u00dcber uns"},"content":{"rendered":"<p>Auf dieser Seite k\u00f6nnt Ihr etwas zu Geschichte, dem Repertoire sowie unseren Mitgliedern lesen. Informationen zur Mitgliedschaft findet man <a href=\"http:\/\/www.chornelimuenster.de\/?page_id=15\">hier<\/a>.<br \/>\nngg_shortcode_0_placeholder <strong><\/strong><\/p>\n<p><strong>Geschichte<\/strong><\/p>\n<p>Wir sind ein Chor, der im Mai 1999 von <a href=\"http:\/\/www.josefeich.de\/\">Josef Eich<\/a> in Kornelim\u00fcnster gegr\u00fcndet wurde. Initiatoren f\u00fcr diese Gr\u00fcndung waren vor allem die S\u00e4nger und S\u00e4ngerinnen, die Josef Eich immer wieder gefragt haben, ob er nicht einen Chor f\u00fcr Leute im mittleren Alter gr\u00fcnden m\u00f6chte. Irgendwann hat er sich geschlagen gegeben und heute sind wir ca. 50 Mitglieder, die sich jede Woche in Kornelim\u00fcnster treffen, um zu proben.<\/p>\n<p>Der Name des Chors leitet sich, wie man sich schon denken kann von unserer Heimat ab. Nur, dass wir Chornelim\u00fcnster nicht mit K, sondern, so wie es sich f\u00fcr einen Chor geh\u00f6rt mit CH schreiben. Nach dem Wechsel von Josef Eich nach Recklinghausen hatten wir seit November 2006 mit <a href=\"http:\/\/www.mylauradee.com\/\">Laura Dietrich<\/a> eine neue Chorleiterin. Mit Laura Dietrich wurde das vielseitige Programm erweitert und es kamen neben Musik aus der Renaissance und Jazz-Klassikern auch Musikst\u00fccke der Popmusik hinzu, die zum Teil sogar erstmals f\u00fcr einen gemischten Chor arrangiert waren. N\u00e4heres steht unter Repertoire.<\/p>\n<p>Seit 2009 beteiligen wir uns im Rahmen der Langen Chornacht an der <a href=\"http:\/\/http:\/\/www.chorbiennale.com\/\">Internationalen Chorbiennale<\/a> in Aachen. 2009 noch ohne vorgegebenes Thema, fand die Internationale Chorbiennale 2011 unter der \u00dcberschrift \u201eVery british\u201c mit dem Schwerpunkt \u201eenglische Chormusik\u201c statt.<\/p>\n<p>Im Fr\u00fchjahr 2010 beschlossen wir, die Choraktivit\u00e4t im Rahmen eines Vereins fortzuf\u00fchren. Nach Erledigung aller dazu n\u00f6tigen Formalit\u00e4ten sind wir seit dem 20. Oktober 2010 im Vereinsregister Aachen unter der Nummer VR 4819 als gemeinn\u00fctziger Verein eingetragen. Als 1. Vorsitzender wurde Josef Mathews, als 2. Vorsitzender Hardy H\u00f6fert gew\u00e4hlt. Den gesamten Vorstand findet Ihr unter <a href=\"http:\/\/www.chornelimuenster.de\/?page_id=297\">Kontakt<\/a>.<\/p>\n<p>Am 18. November 2012 haben wir uns neben drei anderen Ch\u00f6ren am Benefiz-Konzert aus Anlass des 50-j\u00e4hrigen Bestehens der Lebenshilfe Aachen in der Aula Carolina mit rund 500 Zuh\u00f6ren beteiligt. Es konnten rund 3.000 Euro an Spenden eingenommen werden.<\/p>\n<p>Im Herbst 2012 informierte Laura die Chormitglieder dar\u00fcber, dass sie sich beruflich und privat nach Berlin orientieren wolle und damit wurde das Adventskonzert am 16. Dezember 2012 unser letzter gemeinsamer Auftritt mit ihr.<\/p>\n<p>Im Januar hatten wir dann die Vorstellungsprobe mit Elena Sibirtseva und nach Abstimmung in unser au\u00dferordentlichen Mitgliederversammlung war klar, sie wird die neue Chorleiterin des CHORnelim\u00fcnster. Damit mussten wir den Probentag zun\u00e4chst von Dienstag auf Donnerstag verlegen. Geprobt wird jetzt in der Benediktiner Abtei in der Oberforstbacher Stra\u00dfe.<\/p>\n<p><strong>Repertoire<\/strong><\/p>\n<p>Unser Repertoire ist sehr gemischt und reicht von alter Musik bis zu Jazz, von neuem geistlichen Lied bis zu Gospel, von Thomas Morley bis Michael Jackson.<\/p>\n<p>Wir singen Altbekanntes sowie v\u00f6llig neu Arrangiertes. Passend zum Schwerpunkt der Chorbiennale 2011 mit \u201eVery british\u201c haben wir uns mit Chormusik aus Gro\u00dfbritannien, z. B. von Sting oder Edward Elgar besch\u00e4ftigt. Hinzu kamen mit der Zeit Musikst\u00fcck der Popmusik, die zum Teil von Laura sogar erstmals f\u00fcr gemischten Chor arrangiert wurden, so z.B. ein Moloko-Medley und Glory Box von Portishead, Man in the Mirror von Michael Jackson, Sweet Dreams von Beyonc\u00e9, Lullaby von The Cure und Another Day in Paradise von Phil Collins als Lied f\u00fcr das Adventskonzert 2012.<\/p>\nngg_shortcode_1_placeholder\n<p><\/br><strong>Hinweis<br \/>\n<\/strong><img loading=\"lazy\" decoding=\"async\" class=\"alignnone size-medium wp-image-443\" title=\"Stimmen gesucht\" src=\"http:\/\/www.chornelimuenster.de\/wp-content\/uploads\/2012\/02\/Saenger-285x300.jpg\" alt=\"\" width=\"50\" height=\"50\" \/><br \/>\n<strong>Interessenten f\u00fcr den Chor k\u00f6nnen sich unter <a href=\"mailto:martin@telaak.de?cc=tina.philippi@chornelimuenster.de\">dieser<\/a> Adresse melden.<br \/>\nDerzeit w\u00fcrden wir uns besonders \u00fcber Unterst\u00fctzung im Tenor und Bass freuen.<\/strong><\/p>\n","protected":false},"excerpt":{"rendered":"<p>Auf dieser Seite k\u00f6nnt Ihr etwas zu Geschichte, dem Repertoire sowie unseren Mitgliedern lesen. Informationen zur Mitgliedschaft findet man hier. Geschichte Wir sind ein Chor, der im Mai 1999 von Josef Eich in Kornelim\u00fcnster gegr\u00fcndet wurde. Initiatoren f\u00fcr diese Gr\u00fcndung &hellip; <a href=\"https:\/\/www.chornelimuenster.de\/?page_id=5\">Weiterlesen <span class=\"meta-nav\">&rarr;<\/span><\/a><\/p>\n","protected":false},"author":1,"featured_media":332,"parent":0,"menu_order":1,"comment_status":"closed","ping_status":"closed","template":"","meta":{"ngg_post_thumbnail":0,"footnotes":""},"class_list":["post-5","page","type-page","status-publish","has-post-thumbnail","hentry"],"_links":{"self":[{"href":"https:\/\/www.chornelimuenster.de\/index.php?rest_route=\/wp\/v2\/pages\/5","targetHints":{"allow":["GET"]}}],"collection":[{"href":"https:\/\/www.chornelimuenster.de\/index.php?rest_route=\/wp\/v2\/pages"}],"about":[{"href":"https:\/\/www.chornelimuenster.de\/index.php?rest_route=\/wp\/v2\/types\/page"}],"author":[{"embeddable":true,"href":"https:\/\/www.chornelimuenster.de\/index.php?rest_route=\/wp\/v2\/users\/1"}],"replies":[{"embeddable":true,"href":"https:\/\/www.chornelimuenster.de\/index.php?rest_route=%2Fwp%2Fv2%2Fcomments&post=5"}],"version-history":[{"count":53,"href":"https:\/\/www.chornelimuenster.de\/index.php?rest_route=\/wp\/v2\/pages\/5\/revisions"}],"predecessor-version":[{"id":6764,"href":"https:\/\/www.chornelimuenster.de\/index.php?rest_route=\/wp\/v2\/pages\/5\/revisions\/6764"}],"wp:featuredmedia":[{"embeddable":true,"href":"https:\/\/www.chornelimuenster.de\/index.php?rest_route=\/wp\/v2\/media\/332"}],"wp:attachment":[{"href":"https:\/\/www.chornelimuenster.de\/index.php?rest_route=%2Fwp%2Fv2%2Fmedia&parent=5"}],"curies":[{"name":"wp","href":"https:\/\/api.w.org\/{rel}","templated":true}]}}

Über uns

<p>Auf dieser Seite könnt Ihr etwas zu Geschichte, dem Repertoire sowie unseren Mitgliedern lesen. Informationen zur Mitgliedschaft findet man <a href="http://www.chornelimuenster.de/?page_id=15">hier</a>.<br />
ngg_shortcode_0_placeholder <strong></strong></p>
<p><strong>Geschichte</strong></p>
<p>Wir sind ein Chor, der im Mai 1999 von <a href="http://www.josefeich.de/">Josef Eich</a> in Kornelimünster gegründet wurde. Initiatoren für diese Gründung waren vor allem die Sänger und Sängerinnen, die Josef Eich immer wieder gefragt haben, ob er nicht einen Chor für Leute im mittleren Alter gründen möchte. Irgendwann hat er sich geschlagen gegeben und heute sind wir ca. 50 Mitglieder, die sich jede Woche in Kornelimünster treffen, um zu proben.</p>
<p>Der Name des Chors leitet sich, wie man sich schon denken kann von unserer Heimat ab. Nur, dass wir Chornelimünster nicht mit K, sondern, so wie es sich für einen Chor gehört mit CH schreiben. Nach dem Wechsel von Josef Eich nach Recklinghausen hatten wir seit November 2006 mit <a href="http://www.mylauradee.com/">Laura Dietrich</a> eine neue Chorleiterin. Mit Laura Dietrich wurde das vielseitige Programm erweitert und es kamen neben Musik aus der Renaissance und Jazz-Klassikern auch Musikstücke der Popmusik hinzu, die zum Teil sogar erstmals für einen gemischten Chor arrangiert waren. Näheres steht unter Repertoire.</p>
<p>Seit 2009 beteiligen wir uns im Rahmen der Langen Chornacht an der <a href="http://http://www.chorbiennale.com/">Internationalen Chorbiennale</a> in Aachen. 2009 noch ohne vorgegebenes Thema, fand die Internationale Chorbiennale 2011 unter der Überschrift „Very british“ mit dem Schwerpunkt „englische Chormusik“ statt.</p>
<p>Im Frühjahr 2010 beschlossen wir, die Choraktivität im Rahmen eines Vereins fortzuführen. Nach Erledigung aller dazu nötigen Formalitäten sind wir seit dem 20. Oktober 2010 im Vereinsregister Aachen unter der Nummer VR 4819 als gemeinnütziger Verein eingetragen. Als 1. Vorsitzender wurde Josef Mathews, als 2. Vorsitzender Hardy Höfert gewählt. Den gesamten Vorstand findet Ihr unter <a href="http://www.chornelimuenster.de/?page_id=297">Kontakt</a>.</p>
<p>Am 18. November 2012 haben wir uns neben drei anderen Chören am Benefiz-Konzert aus Anlass des 50-jährigen Bestehens der Lebenshilfe Aachen in der Aula Carolina mit rund 500 Zuhören beteiligt. Es konnten rund 3.000 Euro an Spenden eingenommen werden.</p>
<p>Im Herbst 2012 informierte Laura die Chormitglieder darüber, dass sie sich beruflich und privat nach Berlin orientieren wolle und damit wurde das Adventskonzert am 16. Dezember 2012 unser letzter gemeinsamer Auftritt mit ihr.</p>
<p>Im Januar hatten wir dann die Vorstellungsprobe mit Elena Sibirtseva und nach Abstimmung in unser außerordentlichen Mitgliederversammlung war klar, sie wird die neue Chorleiterin des CHORnelimünster. Damit mussten wir den Probentag zunächst von Dienstag auf Donnerstag verlegen. Geprobt wird jetzt in der Benediktiner Abtei in der Oberforstbacher Straße.</p>
<p><strong>Repertoire</strong></p>
<p>Unser Repertoire ist sehr gemischt und reicht von alter Musik bis zu Jazz, von neuem geistlichen Lied bis zu Gospel, von Thomas Morley bis Michael Jackson.</p>
<p>Wir singen Altbekanntes sowie völlig neu Arrangiertes. Passend zum Schwerpunkt der Chorbiennale 2011 mit „Very british“ haben wir uns mit Chormusik aus Großbritannien, z. B. von Sting oder Edward Elgar beschäftigt. Hinzu kamen mit der Zeit Musikstück der Popmusik, die zum Teil von Laura sogar erstmals für gemischten Chor arrangiert wurden, so z.B. ein Moloko-Medley und Glory Box von Portishead, Man in the Mirror von Michael Jackson, Sweet Dreams von Beyoncé, Lullaby von The Cure und Another Day in Paradise von Phil Collins als Lied für das Adventskonzert 2012.</p>
ngg_shortcode_1_placeholder
<p></br><strong>Hinweis<br />
</strong><img loading="lazy" decoding="async" class="alignnone size-medium wp-image-443" title="Stimmen gesucht" src="http://www.chornelimuenster.de/wp-content/uploads/2012/02/Saenger-285x300.jpg" alt="" width="50" height="50" /><br />
<strong>Interessenten für den Chor können sich unter <a href="mailto:martin@telaak.de?cc=tina.philippi@chornelimuenster.de">dieser</a> Adresse melden.<br />
Derzeit würden wir uns besonders über Unterstützung im Tenor und Bass freuen.</strong></p>

<p>Auf dieser Seite könnt Ihr etwas zu Geschichte, dem Repertoire sowie unseren Mitgliedern lesen. Informationen zur Mitgliedschaft findet man hier. Geschichte Wir sind ein Chor, der im Mai 1999 von Josef Eich in Kornelimünster gegründet wurde. Initiatoren für diese Gründung &hellip; <a href="https://www.chornelimuenster.de/?page_id=5">Weiterlesen <span class="meta-nav">&rarr;</span></a></p>
