{"id":19,"date":"2011-04-05T06:10:14","date_gmt":"2011-04-05T04:10:14","guid":{"rendered":"http:\/\/www.chornelimuenster.de\/wordpress\/?page_id=19"},"modified":"2025-01-15T21:28:28","modified_gmt":"2025-01-15T20:28:28","slug":"termine","status":"publish","type":"page","link":"https:\/\/www.chornelimuenster.de\/?page_id=19","title":{"rendered":"Termine"},"content":{"rendered":"<div class=\"em em-view-container\" id=\"em-view-754352900\" data-view=\"list\">\r\n\t<div class=\"em pixelbones em-list em-events-list\" id=\"em-events-list-754352900\" data-view-id=\"754352900\">\r\n\t<table>\r\n    <tbody><tr>\r\n  \t    <td>12.07.2026<\/td>\r\n  \t    <td>17:00 - 18:30<\/td>\r\n            <td>\r\n                Sommerkonzert 2026\r\n                <br\/><i>Bergkirche, Aachen <\/i>\r\n            <\/td>\r\n        <\/tr><\/tbody><\/table>\t<\/div>\r\n<\/div>\n<p><strong>W\u00f6chentliche Probentermine<br \/>\n<\/strong>Jeden Dienstag treffen wir uns um 20:00 Uhr im Egilhardus-Saal in der Benedektiner-<br \/>\nabtei in Kornelim\u00fcnster zur Probe. Die Probe endet gegen 22.00 Uhr. In den (meisten) Schulferien finden keine Proben statt.<\/p>\n<p><strong>(Mit)Singen macht Spa\u00df! <\/strong><img loading=\"lazy\" decoding=\"async\" class=\"alignnone size-medium wp-image-443\" title=\"Stimmen gesucht\" src=\"http:\/\/www.chornelimuenster.de\/wp-content\/uploads\/2012\/02\/Saenger-285x300.jpg\" alt=\"\" width=\"50\" height=\"50\"><br \/>\nWir freuen uns \u00fcber Zuwachs im Chor, zurzeit ganz besonders \u00fcber Unterst\u00fctzung im Tenor und Bass. Interessenten f\u00fcr den Chor k\u00f6nnen sich gerne unter <a href=\"mailto:martin@telaak.de?cc=tina.philippi@chornelimuenster.de\">dieser Adresse<\/a> melden.<\/p>\n<p><strong>Hier finden Sie unseren Probenraum &#8222;Egilhardus-Saal&#8220;: <\/strong><br \/>\n<iframe loading=\"lazy\" style=\"border: 1px solid black;\" src=\"https:\/\/www.openstreetmap.org\/export\/embed.html?bbox=6.131958961486817%2C50.71627044651813%2C6.203627586364747%2C50.742891762229505&amp;layer=mapnik&amp;marker=50.72958299536845%2C6.167793273925781\" width=\"425\" height=\"350\" frameborder=\"0\" marginwidth=\"0\" marginheight=\"0\" scrolling=\"no\"><\/iframe><br \/>\n<small><a href=\"https:\/\/www.openstreetmap.org\/?mlat=50.7296&amp;mlon=6.1678#map=15\/50.7296\/6.1678\">Gr\u00f6\u00dfere Karte anzeigen<\/a><\/small><\/p>\n","protected":false},"excerpt":{"rendered":"<p>W\u00f6chentliche Probentermine Jeden Dienstag treffen wir uns um 20:00 Uhr im Egilhardus-Saal in der Benedektiner- abtei in Kornelim\u00fcnster zur Probe. Die Probe endet gegen 22.00 Uhr. In den (meisten) Schulferien finden keine Proben statt. (Mit)Singen macht Spa\u00df! Wir freuen uns &hellip; <a href=\"https:\/\/www.chornelimuenster.de\/?page_id=19\">Weiterlesen <span class=\"meta-nav\">&rarr;<\/span><\/a><\/p>\n","protected":false},"author":1,"featured_media":0,"parent":0,"menu_order":2,"comment_status":"closed","ping_status":"closed","template":"","meta":{"ngg_post_thumbnail":0,"footnotes":""},"class_list":["post-19","page","type-page","status-publish","hentry"],"_links":{"self":[{"href":"https:\/\/www.chornelimuenster.de\/index.php?rest_route=\/wp\/v2\/pages\/19","targetHints":{"allow":["GET"]}}],"collection":[{"href":"https:\/\/www.chornelimuenster.de\/index.php?rest_route=\/wp\/v2\/pages"}],"about":[{"href":"https:\/\/www.chornelimuenster.de\/index.php?rest_route=\/wp\/v2\/types\/page"}],"author":[{"embeddable":true,"href":"https:\/\/www.chornelimuenster.de\/index.php?rest_route=\/wp\/v2\/users\/1"}],"replies":[{"embeddable":true,"href":"https:\/\/www.chornelimuenster.de\/index.php?rest_route=%2Fwp%2Fv2%2Fcomments&post=19"}],"version-history":[{"count":68,"href":"https:\/\/www.chornelimuenster.de\/index.php?rest_route=\/wp\/v2\/pages\/19\/revisions"}],"predecessor-version":[{"id":7254,"href":"https:\/\/www.chornelimuenster.de\/index.php?rest_route=\/wp\/v2\/pages\/19\/revisions\/7254"}],"wp:attachment":[{"href":"https:\/\/www.chornelimuenster.de\/index.php?rest_route=%2Fwp%2Fv2%2Fmedia&parent=19"}],"curies":[{"name":"wp","href":"https:\/\/api.w.org\/{rel}","templated":true}]}}

<div class="em em-view-container" id="em-view-754352900" data-view="list">
	<div class="em pixelbones em-list em-events-list" id="em-events-list-754352900" data-view-id="754352900">
	<table>
    <tbody><tr>
  	    <td>12.07.2026</td>
  	    <td>17:00 - 18:30</td>
            <td>
                Sommerkonzert 2026
                <br/><i>Bergkirche, Aachen </i>
            </td>
        </tr></tbody></table>	</div>
</div>
<p><strong>Wöchentliche Probentermine<br />
</strong>Jeden Dienstag treffen wir uns um 20:00 Uhr im Egilhardus-Saal in der Benedektiner-<br />
abtei in Kornelimünster zur Probe. Die Probe endet gegen 22.00 Uhr. In den (meisten) Schulferien finden keine Proben statt.</p>
<p><strong>(Mit)Singen macht Spaß! </strong><img loading="lazy" decoding="async" class="alignnone size-medium wp-image-443" title="Stimmen gesucht" src="http://www.chornelimuenster.de/wp-content/uploads/2012/02/Saenger-285x300.jpg" alt="" width="50" height="50"><br />
Wir freuen uns über Zuwachs im Chor, zurzeit ganz besonders über Unterstützung im Tenor und Bass. Interessenten für den Chor können sich gerne unter <a href="mailto:martin@telaak.de?cc=tina.philippi@chornelimuenster.de">dieser Adresse</a> melden.</p>
<p><strong>Hier finden Sie unseren Probenraum &#8222;Egilhardus-Saal&#8220;: </strong><br />
<iframe loading="lazy" style="border: 1px solid black;" src="https://www.openstreetmap.org/export/embed.html?bbox=6.131958961486817%2C50.71627044651813%2C6.203627586364747%2C50.742891762229505&amp;layer=mapnik&amp;marker=50.72958299536845%2C6.167793273925781" width="425" height="350" frameborder="0" marginwidth="0" marginheight="0" scrolling="no"></iframe><br />
<small><a href="https://www.openstreetmap.org/?mlat=50.7296&amp;mlon=6.1678#map=15/50.7296/6.1678">Größere Karte anzeigen</a></small></p>

<p>Wöchentliche Probentermine Jeden Dienstag treffen wir uns um 20:00 Uhr im Egilhardus-Saal in der Benedektiner- abtei in Kornelimünster zur Probe. Die Probe endet gegen 22.00 Uhr. In den (meisten) Schulferien finden keine Proben statt. (Mit)Singen macht Spaß! Wir freuen uns &hellip; <a href="https://www.chornelimuenster.de/?page_id=19">Weiterlesen <span class="meta-nav">&rarr;</span></a></p>
